= x + 15. Let m be (-1)/(0 - (-3)/9). Let q = m + -4. What are the prime factors of c(q)?
2
Let i(z) = z**3 + 5*z**2 - 9*z - 4. Let y = 11 + -17. List the prime factors of i(y).
2, 7
Let h be (-5)/15 - (-715)/3. What are the prime factors of h/18 + 8/(-36)?
13
Let s = -3 + 5. Suppose s*l - 60 = -3*l. List the prime factors of l*(0 + 2/3).
2
Let i(b) = b**3 + 13*b**2 + 16*b. List the prime factors of i(-10).
2, 5, 7
Suppose -853 = -5*o - 3*q + 483, -4*q + 274 = o. What are the prime factors of o?
2, 7, 19
Let d(c) = c**2 - 2 + 6 - 2 - 4. What are the prime factors of d(3)?
7
Suppose 0*x = 2*x. Suppose 3*c = -x*c + 30. List the prime factors of c.
2, 5
Suppose 0 = 3*t - t + l - 1, 1 = -3*t - 2*l. Suppose 0 = t*x + x - 12. Let k = 6 + x. List the prime factors of k.
3
Let q(h) = -h + 6. Let w be q(5). Let z = 1 - w. Suppose z = x + x - 14. List the prime factors of x.
7
List the prime factors of 66/1*(-119)/(-21).
2, 11, 17
Suppose 3*t = t - 42. Let g = -9 - t. What are the prime factors of g?
2, 3
List the prime factors of (6/(-2) - -2)*(-241 - 14).
3, 5, 17
Suppose -2*d - 27 - 17 = 0. Let p = d + 36. What are the prime factors of p?
2, 7
Let g(i) = 3*i**2 + 8*i - 7. List the prime factors of g(3).
2, 11
Let j(w) = -6*w - 2. List the prime factors of j(-3).
2
Let v(a) = a**3 - 9*a**2 + a - 4. Let r be v(9). Suppose -21 = r*n + 4*h, 2*n + n + 4*h = -19. List the prime factors of 11 + n + 0 + 1.
11
Let b = 3 + -7. Let u be 4/b + 11/1. Let l = 19 - u. What are the prime factors of l?
3
Suppose u + 406 = 3*u + 2*y, 3*u + y - 607 = 0. List the prime factors of u.
2, 101
Let q = 11 + -7. Suppose -q*r + 3*l + 82 = -9, l = -3*r + 78. List the prime factors of r.
5
Suppose s - 6 = 5*y - 31, 4*y - 20 = 3*s. Let v = 0 - s. Suppose -3*f + v*f = -15. List the prime factors of f.
5
Suppose 2*a + u = -0*u - 227, -u = -5. List the prime factors of 12/(-42) - a/14.
2
Let d be 4/(-10)*5*-1. Suppose v = -d*v + 9. What are the prime factors of v?
3
List the prime factors of 132/9*(-6)/(-4).
2, 11
Suppose s + 2*s = 15. Let u = 57 - s. List the prime factors of u/10*(-10)/(-4).
13
Let x(q) = 42*q**2. Suppose 3*y + 7 = 4. List the prime factors of x(y).
2, 3, 7
Let h be (-2)/3*36/(-1). Let x = 44 - h. List the prime factors of 245/x - 1/4.
2, 3
Suppose 4*z = -z + 30. List the prime factors of 6/z*(1 - -26).
3
Let v be -1 + -2 + 2 - -4. Suppose -2*s + v*s = 6. Suppose -u = 3*d - 11, 3*u = 5*d - 1 + s. What are the prime factors of d?
2
Let r be 165/20 - (-1)/(-4). Let i(c) = 2*c + 3. List the prime factors of i(r).
19
Suppose -5*h + 5*o = -430, 2*o - 4 = 6*o. List the prime factors of h.
5, 17
What are the prime factors of ((-14)/4 - -4)*144?
2, 3
Let h = 1 + -3. Let t = 15 + h. What are the prime factors of t?
13
Let c(q) = q**2 + 4. List the prime factors of c(-10).
2, 13
Suppose -2*u + 20 = 3*b, -u - 38 = -4*b + 2*u. Suppose 27 + b = 5*x. List the prime factors of x.
7
Let a be -1 + 1*(-2)/(-1). Let j be 472/(-40) - a/5. What are the prime factors of ((-56)/j)/(1/3)?
2, 7
Suppose 6 = 2*c - 10. Let i = 20 - c. List the prime factors of i.
2, 3
Suppose -6 - 14 = 5*n. List the prime factors of (-22)/n + (-1)/(-2).
2, 3
Suppose 0*n + 78 = 6*n. What are the prime factors of n?
13
Let a = -57 - -129. What are the prime factors of a?
2, 3
Suppose 3*o - 20 - 16 = 0. Suppose -d + o = -4. List the prime factors of d.
2
Let j be (0 - 3) + 113 + -1. Let c = -54 + j. Suppose -4*m = -5*g + 20, 2*g - c = -3*g - 3*m. List the prime factors of g.
2
Suppose -226 = -4*m - 2*j + 40, 3*m - 207 = -4*j. Let v = m + -38. Let p = -18 + v. What are the prime factors of p?
3
Let p = -9 + 3. List the prime factors of 5 - 1/((-3)/p).
3
Let y(v) = v + 11. Let j = 5 - 5. Suppose o + o = j. List the prime factors of y(o).
11
Let c(s) = -s - 3. Let b be c(-3). Let y(t) = -t**2 + 3*t - 4. Let n(w) = w**2 - 2*w + 4. Let k(z) = 4*n(z) + 3*y(z). What are the prime factors of k(b)?
2
Let c(b) = -3*b + 4. Let d(k) = 2*k - 2. Let l(o) = -2*c(o) - 5*d(o). List the prime factors of l(-2).
2, 5
Let s(m) = -3*m + 24. Let o(c) = 2*c - 16. Let f(p) = 7*o(p) + 5*s(p). Let h = -62 + 68. What are the prime factors of f(h)?
2
Suppose m + 28 = 5*m. Suppose -63 - m = -5*f. What are the prime factors of f?
2, 7
Suppose 5*m + 2*i = -50, i + 47 - 10 = -4*m. Let j = -5 - m. Suppose x - 6*n - 5 = -n, 0 = j*x - 5*n - 25. List the prime factors of x.
2, 5
Let w(y) = -y**2 + 4*y - 3. Let h be w(4). Let d be 8/12 + (-52)/h. List the prime factors of (-4)/d - (-38)/9.
2
Let k be (-132)/9*(-12)/8. Let i = 34 - k. What are the prime factors of i?
2, 3
Let h(r) be the third derivative of -r**4/8 - 5*r**3/6 + 2*r**2. Let k be 29/(-5) - 2/10. What are the prime factors of h(k)?
13
Suppose 0*k + 184 = 2*k. What are the prime factors of k?
2, 23
Let b = 1 - 2. Let p = b + 6. Let w = -2 + p. List the prime factors of w.
3
Let y = 0 + -5. Let d(i) = i + 7. List the prime factors of d(y).
2
Suppose 2*d = -2*a + 412, -3*d - a = 170 - 794. List the prime factors of d.
11, 19
Suppose 4*o + 4*q = -0*o + 4, 0 = q + 1. What are the prime factors of (o/1)/(2/3)?
3
Suppose -6*w + 4*w + 6 = 0. Suppose -24 = -f - w*k, 4*f - 43 = 2*f - 5*k. What are the prime factors of f?
3
Let f(c) = 8*c**2 + 2*c + 1. Let s be f(-1). Let z = s + -5. List the prime factors of z.
2
Let z(t) = t**2 + 5*t - 9. Let c be z(-7). Let x(s) = 2*s + 5 - s - s + s. What are the prime factors of x(c)?
2, 5
List the prime factors of 4/(-18) + (-4774)/(-18).
5, 53
Suppose d = -4*d + 115. List the prime factors of d.
23
Suppose 0 = -q - f - 2*f - 1, -5*q - 3*f + 7 = 0. Let y = 23 - 19. Suppose -y*r - 36 = 2*z - 6*z, 12 = 3*z + q*r. What are the prime factors of z?
2, 3
Let u = 3 - -21. Suppose 2*s = -g + 9, 4*g - u = -2*s - 0. Suppose -s*i + k = -23, 4*k = -3*i + k + 21. List the prime factors of i.
2, 5
Let u(o) = 2*o. Let d be u(-1). Let s = 4 + d. Suppose -s*x + 41 = -5*w, -4*x + 23 + 34 = -5*w. List the prime factors of x.
2
Suppose 4*t + 4 - 16 = 0. Suppose 0 = -s - t*m - 14, -7 = 3*s + 2*m - 0*m. Let j = 12 - s. List the prime factors of j.
11
Suppose -12 = 7*u - 8*u. What are the prime factors of u?
2, 3
Suppose 4*q - 10 = 6*q + 4*h, -4*q - 20 = 3*h. Let k = -9 - q. Let g(n) = -n - 1. List the prime factors of g(k).
3
Suppose 0*s + 4*s = -4*i, s + 20 = 4*i. Let y be 14/i - 1/2. Suppose -y*x + 6 = -3*m, -3*x - m + 7 = -x. List the prime factors of x.
3
Suppose 3 - 12 = 3*q. Let d be (q/2 + 2)*30. Suppose -6*i + 2*n + 30 = -2*i, -4*n = i + d. What are the prime factors of i?
5
Let v(n) = -n**3 - 16*n**2 - 17*n - 13. List the prime factors of v(-15).
17
Let x(c) = -2*c + 43. What are the prime factors of x(0)?
43
Let u(o) = 12*o**2 - 2*o + 1. Let z be u(1). Let m = -17 + z. List the prime factors of (-14)/(-6) + (-4)/m.
3
Let b = 33 + -3. Suppose d + 20 = 5*i, 2*i - 18 = -5*d + 17. Suppose -10 = -d*m + b. What are the prime factors of m?
2
Let w(x) = x**3 - 4*x**2 - 1. Let o be w(3). List the prime factors of (-20)/(-50) + (-116)/o.
2, 3
Suppose 4 = 2*b - 4. Let f(t) = -t**2 + 9*t - 3. What are the prime factors of f(b)?
17
Let c(a) = 30*a + 34. What are the prime factors of c(9)?
2, 19
Let h = -208 - -318. List the prime factors of h.
2, 5, 11
Let m(j) = -j**3 + 5*j**2 + 2*j - 7. Suppose -w + 8 = 3. List the prime factors of m(w).
3
Let b(l) = 2*l - 4. Let f be b(14). Suppose -2*h + 0 = t - 4, 4*h = 2*t - f. List the prime factors of t.
2
Let n be (-5 - 2)/(2/(-8)). Let y be (-52)/14 - 8/n. Let o = 6 + y. List the prime factors of o.
2
Suppose -6 = -p - p. Suppose -g - p*g + 180 = 0. Suppose g = 8*x - 3*x. List the prime factors of x.
3
Let s be ((-10)/(-4))/(2/4). Suppose -q - s*a = 5, -3*q + 3*a - 86 = -17. Let k = -9 - q. What are the prime factors of k?
11
List the prime factors of (-324)/24*(-1 + -1).
3
Let u(t) = 11*t**2 - t + 2. List the prime factors of u(-2).
2, 3
Let u = 209 + -100. What are the prime factors of u?
109
Let w be (0 + 2/(-2))/(-1). Let t be -1 - w - (-21 + -1). What are the prime factors of 10/3*48/t?
2
Let l be 100/(-6)*24/20. Let o = 20 - l. List the prime factors of o.
2, 5
Let y = 69 + -61. List the prime factors of y.
2
Suppose -5*o + 37 = 2*r, 2*o - 5*r = -2 + 11. Let u = -4 + o. List the prime factors of u.
3
Let x(d) = d - 5. Let q be 